l.
13
Suppose -45 + 10 = -t + r, 5*t - 4*r - 176 = 0. What is the greatest common divisor of 24 and t?
12
Let c be (104/(-48))/(1/(-6)). What is the highest common divisor of 117 and c?
13
Let n = 1 + 7. Let g(m) = m**2 - 5*m + 4. Let i be g(n). Calculate the greatest common divisor of i and 4.
4
Let f(t) = -t - 13. Let s be f(-9). Let k be 7 + -1 + (s - -5). Suppose -4*h - 65 = -233. What is the greatest common factor of k and h?
7
Suppose 4*v = 16, 0 = -n + 4*v - 7 - 11. Let y be -176*3/12*n. Calculate the greatest common divisor of 8 and y.
8
Let g = -27 - -78. What is the greatest common divisor of g and 3?
3
Let x = 223 - 132. Suppose l - 52 = x. Calculate the highest common divisor of 13 and l.
13
Let q = 125 - 35. What is the highest common factor of 54 and q?
18
Suppose -2*c + 19 = m, -5*m + 6*c = 2*c - 39. Let f(j) = -27*j + 5 + 0*j - 4. Let q be f(-2). What is the greatest common factor of q and m?
11
Let y(g) = -3*g**3 - 5*g**2 - g - 2. Let q be y(-4). What is the greatest common divisor of 19 and q?
19
Let m be 3*(2 + 128/6). Suppose -x - 14 = -3*g, -4*x = -x + 5*g. Let h(o) = o**2 + 2*o - 1. Let n be h(x). Calculate the highest common factor of n and m.
14
Let l be 537/15 + 1/5. Calculate the highest common divisor of 90 and l.
18
Suppose 2*f - 46 = -3*g, 0*g - 78 = -5*g - 3*f. Let v = g - 5. Suppose 6*d - 239 = 73. What is the highest common factor of v and d?
13
Let a be 122/6 - 1/3. Let w be 18 + (1 - 0) + -1. Let o be (6/w)/(1/30). What is the greatest common factor of o and a?
10
Suppose -4*z - 3*q = -63 - 37, 100 = 4*z - 5*q. Let i be (z/10)/(1/2). Calculate the greatest common factor of i and 10.
5
Let k = 4 + 1. Suppose -4*o + k*c + 186 = 0, 3 = -o - 2*c + 43. What is the highest common divisor of o and 110?
22
Let k be 2/3 + (-1036)/(-21). Suppose 0 = 3*i - i. Suppose -5*n = -i*n - k. What is the highest common factor of n and 40?
10
Let c be ((-32)/6)/(2/(-6)). Suppose 5 - 53 = -2*s. What is the highest common divisor of s and c?
8
Let b be (-1860)/(-48) - (-1)/4. Let y be (-3 - (2 + b))*-2. What is the highest common factor of 22 and y?
22
Let i = 1 + 33. Calculate the highest common factor of i and 340.
34
Suppose -3*x = -4 + 22. Let c(n) be the third derivative of -n**4/8 - 4*n**3/3 + n**2. Let k be c(x). What is the highest common divisor of k and 110?
10
Let g(k) = 9*k - 6. Let c be g(5). Let y = 45 + 0. Suppose -4*i + y = -c. Calculate the highest common divisor of 7 and i.
7
Let y be -2 - 6*6/(-9). Suppose 2*x - 3*x = -y. What is the highest common factor of x and 6?
2
Let f(h) = h**2 + 12*h - 25. Let k be f(-15). Calculate the greatest common divisor of k and 50.
10
Let v(a) = -3*a**3 + 2*a**2 + 2*a + 2. Let t be v(-2). Let b = 51 - 131. Let z = -35 - b. Calculate the highest common factor of t and z.
15
Let t(g) = -2*g**3 + g**2 - g. Let n be t(-2). Calculate the highest common factor of 2 and n.
2
Let s(z) = -8*z + 7. Let h(q) = q**2 - 1. Let i(c) = -h(c) - s(c). Let n be i(7). Suppose -r + n = -35. What is the greatest common factor of r and 4?
4
Let a be (4/(-6))/(3/9). Let v = a - -5. Suppose 2*g - 3*g + 15 = v*r, -33 = -3*g - 3*r. Calculate the highest common factor of 27 and g.
9
Suppose -12*y = -9*y - 33. Suppose 0 = -6*t + 3*t + 231. Calculate the greatest common factor of y and t.
11
Let o = -101 + 107. Let r = -1 - 0. Let q be (-24 + 0 + 0)/r. What is the highest common divisor of q and o?
6
Let f(l) = 3*l**2. Let p be f(4). Calculate the highest common divisor of 12 and p.
12
Let r be ((-3 - -3) + 22)/((-2)/(-4)). Calculate the greatest common divisor of 4 and r.
4
Let a be 24*1*(-4)/(-8). Suppose -4*o = -8, -5*o = -y + 2*y - a. Calculate the greatest common divisor of y and 4.
2
Let l(v) = -v**2 - 4*v + 5. Let k be l(-5). Let c = 3 - k. What is the highest common divisor of 21 and c?
3
Let w = -1 - 42. Let f = 60 + w. What is the highest common divisor of 119 and f?
17
Let w be 4/(-38) - (-420)/19. Suppose -4*s = 2*z - 5*z + 446, 4*z - 2*s = 608. What is the highest common factor of z and w?
22
Let f be (-5)/2*20/(-2). Suppose 0*o = 3*o + 3, 3*g - 27 = -3*o. What is the greatest common divisor of f and g?
5
Let q be (-2)/(-3) - ((-661)/3 + 1). Calculate the greatest common divisor of q and 20.
20
Let p be -1*4 - (-24 - -10). What is the highest common divisor of 110 and p?
10
Suppose -y = 2*y - 75. Suppose 0*x + j + y = 4*x, 0 = 4*x + 3*j - 21. Suppose 0 = 2*v - 3 - 9. What is the greatest common divisor of v and x?
6
Let j be -2 + (2 - 1) - (-4 + -63). Calculate the highest common divisor of 22 and j.
22
Let i(z) = z**3 + 5*z**2 + 2*z + 8. Let t be i(-6). Let o = t + 64. Let n be 18/15*30*1. Calculate the greatest common factor of o and n.
12
Suppose z - i + 6 = 0, -4*z - i + 12 = 4*i. Let m be (-606)/(-15) - z/(-5). Calculate the greatest common factor of m and 8.
8
Suppose 3*k - 31 - 14 = 0. Suppose -f - 15 = -2*u - 3*u, -2*u + 4*f = -24. Let p(i) = 38*i - 1. Let s be p(u). Calculate the greatest common factor of k and s.
15
Let o(n) be the third derivative of 0 + n**2 + 0*n + 11/6*n**3 + 1/30*n**5 - 13/24*n**4. Let l be o(9). Calculate the highest common factor of l and 8.
8
Let w be (4 - (-2 + 4)) + 6. What is the greatest common divisor of 56 and w?
8
Let t(y) = y**3 + 3*y**2 - 5*y + 4. Let z be t(-5). Let r = 43 + z. Let a be (r/8)/((-3)/(-60)). Calculate the highest common divisor of a and 22.
11
Suppose -6*p + 8 = -2*p. Suppose 3*u - 5*u - p*o + 18 = 0, -2*o = 0. What is the highest common divisor of 1 and u?
1
Suppose 151 - 167 = -2*q. Suppose 0 = -x + 4 + 4. What is the highest common divisor of x and q?
8
Suppose 0 = -2*s + 4*s - 20. Let q = 45 + 25. Calculate the highest common factor of s and q.
10
Let r be ((-12)/15)/((-6)/15). Let v be 66/12 - (-1)/r. Calculate the highest common factor of v and 48.
6
Let p(c) = c + 12. Let j be p(-10). Suppose 3*m - 3*y = -j*m + 76, -64 = -4*m + 4*y. Calculate the highest common divisor of 70 and m.
14
Let o = 38 + -8. What is the highest common divisor of o and 75?
15
Let g = 11 - 8. Let a be -2 - 0/g - -59. Calculate the greatest common divisor of 19 and a.
19
Let t(h) = -h + 4. Let w be t(-13). Calculate the highest common factor of w and 119.
17
Let t(b) = -b**2 + 8*b. Let o be t(6). What is the highest common divisor of 108 and o?
12
Let v = -3 + -1. Let f be 66/8 + 1/v. Let m be (16/(-10))/(6/(-30)). Calculate the greatest common factor of m and f.
8
Suppose 4*j - 48 = -5*l + 35, 0 = -3*l + 2*j + 41. Let s(k) = -22*k + 3. Let g be s(-6). What is the highest common divisor of l and g?
15
Let j = 132 + -76. Suppose 4*b + 148 = -0*k + 5*k, -b = 2. Suppose k = 6*y - 2*y. Calculate the greatest common factor of y and j.
7
Let x(a) = a**3 - 4*a**2 + 5*a. Let u be x(4). Suppose 50 = -9*m + 14*m. What is the greatest common divisor of m and u?
10
Let c = -344 + 345. Let r = -8 + 27. Let s = 30 - r. What is the highest common divisor of c and s?
1
Let n(x) be the first derivative of -x**4/4 - 7*x**3/3 + 7*x**2/2 + 5*x - 6. Let t be n(-8). Calculate the highest common divisor of t and 143.
13
Let v = 17 + -37. Let u be (-1824)/v - (-2)/(-10). Calculate the highest common factor of u and 13.
13
Suppose -2*m = 6*x - x - 368, -3*m + 2*x = -571. Let h = m + -33. Suppose 0 = -2*n + 12 + h. Calculate the greatest common divisor of n and 12.
12
Suppose -3*k = -49 - 68. Let s be (-1*1)/(3/(-39)). Calculate the highest common factor of s and k.
13
Suppose 2*n - 4*y - 230 = 0, -3*y = -2*n + 178 + 47. Calculate the highest common factor of 15 and n.
15
Suppose -2*m - 3*m + 230 = 0. What is the greatest common divisor of m and 2?
2
Let a = 26 - -14. Suppose 60 = 6*p - 0*p. Calculate the highest common divisor of p and a.
10
Let o(g) = -g**3 + g**2 + g - 7. Let h be o(0). Let w(f) = -f**3 - 7*f**2 + 10. Let n be w(h). Calculate the highest common divisor of n and 25.
5
Suppose -4 = -5*l + 71. Let z be 7/(35/10) + 43. What is the greatest common factor of z and l?
15
Suppose -d + 5 = -18. What is the highest common factor of d and 161?
23
Suppose 3*h + 1 + 5 = 0, 2*h = 4*s - 100. Suppose p = -p + s. What is the greatest common factor of p and 3?
3
Suppose -17*f = -19*f + 16. Let j = 76 - 36. What is the highest common divisor of j and f?
8
Let g be 10 + -1 + (2 -